 + (29 - 50)?
-28
Evaluate 12 + 47 + -34 + -45.
-20
What is the value of 1 - ((2 + 5 + -11 - -1) + 4)?
0
What is the value of (36 - 15 - (-2 - -18)) + 0?
5
What is -16 + 1 + (-7 - -14) + 29?
21
-4 + 3 + -8 + 16 + -13
-6
Evaluate (1 - -6 - 7) + -3 + -3.
-6
Calculate -16 - -1 - (-31 - -23).
-7
Calculate -1 - (15 + -7 + -13) - (-8 + 0).
12
What is -31 + 1 - (2 - (1 + 17) - -9)?
-23
What is -2 - 3 - (-1 + 3 - (35 - 37))?
-9
What is the value of 0 + 3 + -10 - (-2 + -3)?
-2
-64 + (42 - -20) - (-13 + -1)
12
Evaluate -10 + (1 + 4 - (3 + -10 + 10)).
-8
(43 - 17) + -15 + -35 + 0
-24
What is 4 - (4 - (12 + -8))?
4
(15 - (0 - -1)) + -28
-14
Evaluate 1 + 1 + -1 - -5.
6
Calculate (-63 - -52 - (-11 + -3)) + 3 + -3.
3
What is 2 + -9 + 14 + -4 + -17 + 0?
-14
Evaluate -8 + 5 - (1 + -10 - -2).
4
10 + -1 - ((2 - -14) + -25 - -39)
-21
-86 + (5 + 10 - -30)
-41
What is (113 - 120) + (1 - 5)?
-11
What is the value of 3 - (31 + -15 + (4 - 17))?
0
What is -4 - (-1 + 8 + (11 - 11) + -6)?
-5
Evaluate (-5 + 0 - (-2 + 3)) + -505 + 517.
6
4 + -11 + 5 + -10 + 28
16
(-8 - 6) + 18 - (-6 + 9 + 2)
-1
What is the value of 1 + -23 - (-9 + 8 + -4 + 1)?
-18
What is the value of 22 - (-3 + 2 - (39 + -58 + 27))?
31
Calculate 3 + 1 - (-12 - 0 - (-42 + 38)).
12
What is 1 - (-16 - (-11 - 1))?
5
-12 - (-15 + -16 - -3)
16
What is the value of 17 + (9 - (1 - 2)) + -3?
24
What is the value of 0 + 1 + -12 - (73 + 22 + -72)?
-34
Evaluate (-24 - (-5 + -2)) + 5 + 0.
-12
What is the value of 3 - 9 - (-5 + (0 - -4))?
-5
9 - 1 - 4 - (5 + 7)
-8
Evaluate -15 - ((37 - 44) + (14 - -5)).
-27
Calculate -16 - (-9 - 9 - -11).
-9
Evaluate 22 - -1 - (-3 + 15 - 3).
14
Evaluate -27 + 24 + 24 - 26.
-5
Evaluate -11 - (0 + 10 + 1) - -11.
-11
Calculate -1 - (-3 + 2 + (-10 - -5) + 9).
-4
Calculate (-23 - -10 - -3 - -11) + -11.
-10
Calculate 20 + (-10 - ((0 - 2) + -9) - 1).
20
Calculate (1 - -28) + -54 - -14.
-11
Calculate -6 - (-5 - (-5 + 4 - -2) - -6).
-6
What is -5 - -17 - (6 + 24)?
-18
What is -5 + (10 - 2) - (-3 - -5)?
1
Evaluate 29 - ((-11 + 13 - -5) + -11 + 3).
30
Evaluate 8 + -20 + -8 - -31.
11
What is the value of 16 + -27 + (4 - (10 - 4))?
-13
What is -3 + 5 + 2 + (-4 - 35) + 30?
-5
Evaluate -9 + (0 - -1) - (-689 - -679).
2
What is 34 + -34 + (-3 - -11)?
8
What is 3 - (-17 + 4 + 28)?
-12
What is -10 + -2 + 0 + (18 - -8)?
14
Calculate 14 - (0 - -10 - (6 - 3)).
7
What is the value of 10 - ((18 - 1) + 5)?
-12
What is the value of (15 - (13 + -4)) + 16 + -6?
16
What is the value of (-2 + 14 - -1 - -1) + 4?
18
What is the value of 7 - (-162 + 156 - (6 + 1))?
20
What is the value of (-9 - -2) + (12 - (0 - -5))?
0
Calculate 3 - (20 - 11 - (15 - 13)).
-4
What is 1 + -30 + (-433 - -455)?
-7
What is the value of 339 + -348 - (1 - 0)?
-10
What is (-13 - -18) + -7 + -2 + (11 - 12)?
-5
Evaluate -7 + (-19 - -9 - (-5 - 3)) - 9.
-18
Calculate -2 + 6 + (-10 - -5) - (54 + -59).
4
Calculate 4 - (-3 - (9 + -20 + -4 - -7)).
-1
(5 - ((0 - -1) + 3)) + -4 + 3
0
What is 1 + 2 + (9 - (44 - (-8 - -15)))?
-25
What is 23 + (20 + -47 - -36 - (-1 - 1))?
34
What is (2 - 3) + 7 - (-10 - (-7 + 0))?
9
Evaluate -3 + -6 + -6 + 7 - -2.
-6
What is -14 - (-36 + -17 + 65)?
-26
What is 6 + -3 + (1 - -8) + (4 - 8)?
8
What is the value of (-2 - -3) + 29 + -35 + 0 - 12?
-17
Calculate -3 - (12 + 9 - 37).
13
(28 + -60 - -48) + (-1 - 14)
1
What is the value of (-11 - (6 + 5) - 7) + 5?
-24
Calculate -173 + 146 + (-3 - -3) + -8.
-35
What is 18 + (0 - 31) - -29?
16
What is -1 - -12 - (-57 - -61)?
7
What is 1 - 30 - (995 - 993)?
-31
Calculate 70 + -75 - (4 - (5 + -3)).
-7
What is -23 + 20 + (7 - -6)?
10
1 + 42 + (27 - 67 - -25)
28
(10 - 6) + 6 - 11 - -16
15
18 + -14 - 11 - 6
-13
-17 - (-37 - (12 + (1 - 19)))
14
What is the value of -1 - (-1 + -3) - (-1 + 7)?
-3
What is the value of 11 - (1 + (7 - -1))?
2
Calculate -45 + 25 + (7 - -2).
-11
What is (1 - -2) + (17 - 20) + (-2 - 1)?
-3
(6 - (20 - -4)) + 7 - (1 + 2)
-14
What is the value of -1 - -6 - (44 - 46) - (-13 - 1)?
21
Calculate -12 - 1 - (0 - (6 + -3 + -1)).
-11
What is the value of (-13 - (-44 - -29)) + 15?
17
What is the value of 0 + 7 + 6 - (6 + (-1 - -2))?
6
Calculate 2 - 4 - (-23 + (20 - 2)).
3
Evaluate 4 + 0 + (23 + -19 - -6) - 1.
13
Calculate -14 - (4 - 4 - (71 - 85)).
-28
What is (-2 - 1) + (-3 - -2) + 52 + -45?
3
Evaluate -26 + 6 + 27 + -16.
-9
What is the value of -71 - -38 - (-46 + 4)?
9
What is -15 + 4 + 5 - -14?
8
Calculate -2 + 23 + 9 + -3.
27
Evaluate (28 - 15) + 2 - 0 - -19.
34
What is 17 + (-70 - -16 - -12)?
-25
What is (34 + -78 - -23) + 26?
5
Calculate 96 - 82 - (-3 + 28).
-11
2 + (-12 - 10 - -8 - -14)
2
Evaluate 25 - 9 - (1 - -24).
-9
Evaluate 1 - 19 - (-18 - (15 - 39)).
-24
7 + (10 - (8 + 24) - -9) + 4
-2
Calculate 4 + 0 + (-1 - 10 - -9 - -3).
5
(-26 - -23) + (2 + -5 + 2 - -17)
13
What is 10 + 19 + -33 - ((4 - 9) + 1)?
0
What is (-48 - (-19 - (-6 - 4)) - -1) + 4?
-34
Evaluate -1 - 9 - (-44 + 38) - (14 + 4).
-22
What is 4 - (-6 + (-20 - -21))?
9
What is the value of -1 + 0 - ((-5 - -4) + 8 + -16)?
8
What is the value of -19 + -10 + (-12 - -49)?
8
What is the value of -4 + 9 + (-12 - 1)?
-8
286 - 290 - (-13 + 2)
7
(-12 - 6) + (7 - 17) - -5
-23
Evaluate -6 + 15 - 15 - 0.
-6
Evaluate (-8 - -39) + -27 - (2 - (13 - 0)).
15
-4 + 27 + -34 + (1 - 0)
-10
-32 + 11 - -1 - -33
13
Calculate 5 - 2 - -2 - (-118 + 120).
3
Calculate -26 + (-21 - -1) - -21.
-25
What is the value of 0 + 11 + (-251 - -234)?
-6
-38 + 35 - ((-1 - (4 + -2)) + 13)
-13
-9 - (-21 - (-12 - -9)) - -1
10
Evaluate (-6 - (-2 - 15 - -5)) + 6.
12
What is the value of (-3 - (1 - 6 - (-24 - -19))) + -7?
-10
Evaluate -11 + (4 - ((1 - -13) + -1)).
-20
What is the value of 90 + -87 - (9 + 1)?
-7
What is the value of (21 - 55) + 18 - -26?
10
Evaluate (-15 + 0 - (24 + -33)) + -1.
-7
Evaluate -3 + 3 + -3 + (-215 - -198).
-20
-11 + (9 - (0 - (6 - 3))) - -34
35
What is -2 + -10 + (-8 - (5 - 17))?
-8
Calculate -6 - -7 - (-12 - 2 - -26).
-11
What is the value of (-7 - -2) + (4 - 8) + -6?
-15
Calculate 324 + -304 + (-1 - (2 - 4)).
21
What is the value of (4 - 0) + (1 - -8)?
13
What is -3 - (-11 - 1 - (-247 - -232))?
-6
Calculate -23 - (-43 + (18 - 19)).
21
What is 361 - 367 - (-1 + 32)?
-37
24 + -15 - (7 - 1) - 30 - -3
-24
What is (-131 - -139) + (-26 - 0) + 2?
-16
Evaluate (-1 - 2) + (-2 + (6 - 18) - -12).
-5
Calculate -10 + (-6 - 0 - (66 - 87)) + -8.
-3
1 - 1 - (151 - 151)
0
(1 - 0) + (-17 + 7 + 4 - 0)
-5
Evaluate (3 - 2) + (-6 - (-8 + -9 + 8)).
4
What is (2 - -2) + 6 + -11 + -2 + -4?
-7
What is the value of 32 - 26 - (11 + -16 + -16)?
27
What is the value of 0 + 4 + -6 + -12?
-14
What is 5 + 1 - ((1 - 10) + 9) - 8?
-2
What is the value of (-251 - -194) + 14 + 2 + 16?
-25
(-10 - (0 - 4) - (-40 + 28)) + -6
0
(-17 + -4 - -34) + (-6 - 28)
-21
What is (-34 - (-18 - -34)) + 21?
-29
Calculate -7 - (-12 + 13 + 9 + -12) - 0.
-5
Calculate (-1 - (6 + -13)) + -16.
-10
Calculate 3 + -8 + -3 + (0 - -2) + -4.
-10
Calculate -9 + -14 + 12 + 0.
-11
What is (-21 - 8 - -7) + 2?
-20
What is the value of -3 + -18 - (6 + -15 + 12)?
-24
Calculate -20 - ((18 - (-4 + 17)) + 12).
-37
What is -6 - (7 - (-8 + 15) - 2)?
-4
Calculate (8 - 18) + 0 + 4 - (23 + -28).
-1
What is -1 - 3 - (44 + -35)?
-13
Evaluate -7 + (-5 - -8) - -9.
5
Evaluate (14 - 20) + 33 + -16.
11
Evaluate (-5 - -21) + (-20 - 3).
-7
What is -9 + 3 + -5 + 0?
-11
Calculate 0 + 2 - (-12 - -15 - -4).
-5
What is the value of (21 - 2) + -140 + 144?
23
What is the value of 88 - 94 - (-2 + -4)?
0
What is 13 - (3 - (-6 + 14) - 2 - -15)?
5
Evaluate -7 - (-18 + 12 + -16 + 16 - -19).
-20
What is the value of -19 + -1 + -10 + 10 + -3?
-23
-9 + (2 - (-8 + 1))
0
What is -13 + 38 + -13 + -11?
1
What is the value of (-3 - (-5 + -4 - 19)) + (4 - 2)?
27
Evaluate -13 + (-3 - -3) + (-7 - -4 - -5).
-11
Calculate -14 - (-4 + 4 + -9).
-5
What is 15 + 4 + -5 + (-2 + -6 - -6)?
12
Calculate 13 + -2 - (6 - (24 + -33)).
-4
Evaluate -6 + (15 - (-4 + 4 + -5)).
14
Evaluate 4 - -3 - (5 + (14 - 12)).
0
Evaluate -2 + (-2 - -5 - 0).
1
Calculate 0 - 17 - 3 - 10.
-30
Calculate -9 + 2 + (3 - (-6 + 5)) + 1.
-2
14 + -28 + 4 + 1 + -2 + -7
-18
What is 2 + 1 + 2 + 20 + -23 + -4?
-2
What is the value of 6 + (5 - (4 + -2 - -15) - -8)?
2
Evaluate -4 + (7 + -10 + -3 - (-6 + 1)).
-5
Calculate -10 - (4 - (13 - -5)).
4
What is (31 - 12) + -2 + (0 - 1)?